
Let n be (1*1/2)/((-3)/10662). Let b = -1229 - n. What are the prime factors of b?
2, 137
Let k = 193 - 141. Suppose -6*h + 26 = -k. List the prime factors of h.
13
Let f(y) = -4*y**2 - 29*y + 8. Let h be f(-7). Let r(o) = -o**3 + 15*o**2 + o - 4. What are the prime factors of r(h)?
11
Let k(u) = -u - 7. Let j be k(-12). Suppose -j*a - 8 = 4*h, a = 3*a. List the prime factors of (293/h)/((-17)/34).
293
Suppose 0 = 5*i + 5*b - 185, -8*i - 3*b + 153 = -4*i. Suppose -1113 = i*y - 43*y. What are the prime factors of y?
3, 7, 53
Suppose -1604*c + 397518 = -1585*c. List the prime factors of c.
2, 3, 11, 317
Let f = 29315 + -25545. List the prime factors of f.
2, 5, 13, 29
What are the prime factors of ((-9 - -987) + 1)/((-8)/(-16))?
2, 11, 89
Let v = 16 + -13. Let u(n) = v + 3*n**2 - 3*n**2 - 5*n + n**3 - 2*n**2 + 7*n**2. What are the prime factors of u(-4)?
3, 13
Let u be (-3)/15 + (-5)/(75/(-18)). Let q be 8 + 1*(-2)/u. List the prime factors of 1 - (-60 + (q - 2)).
3, 19
Let l = 108 - 278. Let u be (-1)/(855/l + 5). Suppose 824 = -u*c + 38*c. What are the prime factors of c?
2, 103
Suppose -47*h = -33*h - 109020 - 16406. List the prime factors of h.
17, 31
Suppose z - 78 = 40. Suppose 4*q - h = 861, h + z = q - 101. List the prime factors of q.
2, 107
Let t(x) = -5*x - 30. Let j(d) = -9*d - 59. Let b(v) = 3*j(v) - 7*t(v). List the prime factors of b(17).
13
Suppose -60043 = 11*i - 147339. What are the prime factors of i?
2, 31
Suppose 2*w = 2*h + 144, 10*h - 6*h + 5*w = -297. Let x be (-1)/(-2)*(-269 - -3). Let r = h - x. What are the prime factors of r?
2, 3, 5
Suppose -3*u + 3 = 0, u + 25 + 1 = p. Let w = -386 - -385. List the prime factors of 18/p*(-60)/w.
2, 5
Suppose 4*m = a - 26, 5*a - 38 = 7*m - 10*m. What are the prime factors of 64 - (0 + (a/(-1))/(-5))?
2, 31
List the prime factors of (-248)/(-186)*122409/2.
2, 3, 7, 29, 67
Let c be (13 + (-8)/(-4))/(-1). List the prime factors of 17136/40 - 9/c.
3, 11, 13
Let x(d) = -3*d**2 + 5*d + 6. Let k be x(3). Let p be (-1 - k)/(-10)*0. Suppose z + 5*r - 135 = p, -4*r + 2*r = 3*z - 431. What are the prime factors of z?
5, 29
Let o(p) = -5*p - p**2 + 4*p**2 - 12*p**2 - 2. Let s be o(-2). Let k = 48 + s. What are the prime factors of k?
2, 5
Let p be (248/(-12))/(3*(-7)/378). Suppose -p*k + 376*k - 6724 = 0. What are the prime factors of k?
41
Let f be -57 - 0/(2 + -4 - -4). What are the prime factors of (f/9)/(8/(-24))?
19
Let t(y) be the third derivative of 22*y**2 + 1/15*y**5 + 1/6*y**4 + 0*y - 7/3*y**3 + 0. List the prime factors of t(4).
2, 3, 11
Let q be ((-5)/(-5) - 2) + 7. What are the prime factors of 16272/120*10/q?
2, 113
Suppose 357*f - 1453738 - 2707062 = 345611. What are the prime factors of f?
13, 971
Suppose -4*a + 1807 + 457 = 0. Suppose -2*o + a = 56. Suppose 4*w + 0*w + 332 = 4*k, 3*k = -3*w + o. List the prime factors of k.
2, 3, 7
Suppose 4*o = -5*c + 26247, 16*o + 26254 = 20*o - 2*c. What are the prime factors of o?
6563
List the prime factors of (-10 + 0)*((-18420)/25 - -8).
2, 911
Let q = -711 - -1851. Suppose -7*a + 1072 = -q. List the prime factors of a.
2, 79
Suppose -6*l - 3*l = 0. What are the prime factors of (-4*214)/(-4)*(l + 1)?
2, 107
Suppose -4 = 5*i - 29. Suppose 2520 = i*d + 895. Suppose -5*n + d + 45 = 0. List the prime factors of n.
2, 37
Let j be 55/4 + (-8)/(-32). Suppose 2538 = j*v - 8*v. What are the prime factors of v?
3, 47
Let f(i) = -i**3 + 11*i**2 + 12*i - 21. Let o be f(13). Let s = 40 - 149. Let b = s - o. What are the prime factors of b?
2, 47
Suppose 4*m - 4*u + 210 = 4874, -3*m = -5*u - 3490. Suppose -2*l + m = -4*t, 0 = -3*l - 0*l + t + 1765. List the prime factors of l.
19, 31
Suppose 4*d - 1310 = 3*c, -3*d - c + 446 = -530. Let z be 121*(6/(-2) - -2). Let f = z + d. What are the prime factors of f?
5, 41
Let h(q) = -6*q**3 - 16*q**2 + 4*q - 79. What are the prime factors of h(-16)?
3, 6779
Suppose -6*l = -147 + 39. Suppose 0 = l*o - 23*o + 15. Suppose 61 - 460 = -o*r. List the prime factors of r.
7, 19
List the prime factors of (-3 + 11)*111205/(-69)*-3.
2, 5, 967
Let b be 58/12 - (2 + 39/(-18)). Let z = b + 30. Suppose z = -4*j + 499. List the prime factors of j.
2, 29
Suppose -3*s = t - 300, 3*s + 208 + 68 = t. Let q = t + -60. What are the prime factors of q?
2, 3, 19
Let v(t) = 24*t - 77. Suppose 102 - 406 = -4*u. Let w = 88 - u. What are the prime factors of v(w)?
211
Suppose -512*o + 513*o = 12. Let i(s) = -26*s**3 - 4*s**2 - 2*s + 4. Let g be i(3). List the prime factors of -1*(g/o + 1/(-3)).
2, 31
Suppose 151959 = 4*j - 3*f, 675*f - 75957 = -2*j + 672*f. List the prime factors of j.
2, 3, 13, 487
Suppose 0 = -3*g + 2204 - 740. Suppose -4*w + g = -292. List the prime factors of w.
3, 5, 13
Let r = 212 - 197. Suppose -r*i = -9*i - 1338. What are the prime factors of i?
223
Suppose 0 = 7*f - 314 - 57. Let v = -4 + f. Let j = 90 - v. What are the prime factors of j?
41
Suppose t + 4*a - 239 = 0, 4*a - 644 = -3*t + 113. Suppose 5*c - t = -2*v, 459 = 5*v - c - 229. List the prime factors of v.
137
Suppose -310887 = -58*b + 103117. List the prime factors of b.
2, 43, 83
Let j = -534 + 534. Suppose -10*r + 33*r - 3887 = j. List the prime factors of r.
13
Let r = -8333 - -10804. What are the prime factors of r?
7, 353
Let b = -40 - 1. Suppose -7*f + 142 = -9*f. Let i = b - f. What are the prime factors of i?
2, 3, 5
Let b(q) = 226*q**2 - 15*q + 128. What are the prime factors of b(7)?
3, 137
Let u(c) = 24*c**2 - 7*c - 11. Let i = 24 + -27. What are the prime factors of u(i)?
2, 113
Suppose y - 219 = -2*y. Let r be y/(1/(1 + 0)). Suppose -2*h + r + 43 = 0. List the prime factors of h.
2, 29
Suppose -37 = 5*j + 3*g, j + 0 = 3*g - 11. What are the prime factors of -366*(j/3 + (21 - 19))?
2, 61
Suppose 7*v - k = 4*v + 106, -2*v - 2*k + 60 = 0. Let a = v + -40. What are the prime factors of a/4*(-399)/9*2?
7, 19
Let f = -53 + 194. Suppose 107 = s - t, -s = 2*t + 49 - f. Suppose 2*w - 1225 = -5*g, 4*w + s = -5*g + 1327. What are the prime factors of g?
5, 7
Suppose 0 = 313*o + 204*o - 213240 - 8395327. What are the prime factors of o?
16651
Suppose -7*w - 10 = -9*w. Suppose -4*g = -w*z + 1991, 0 = 2*z - 6*z - 3*g + 1568. What are the prime factors of z?
5, 79
Suppose -11*c - 72 = -15*c. Let f = c + 37. Suppose -2*w + 5*q + 0*q = -28, f = 5*w - 5*q. List the prime factors of w.
3
List the prime factors of 7*((-22896)/(-63) + 11).
2621
Let d = -6672 - -9852. What are the prime factors of d?
2, 3, 5, 53
Let v(i) = 13*i**2 - 337*i + 20. List the prime factors of v(36).
2, 37
Suppose -6*v - 80 = -26*v. Let j(h) be the second derivative of 11*h**3/6 - 7*h**2/2 + 2*h. What are the prime factors of j(v)?
37
Let n(z) = 236*z**2 + 12*z + 63. What are the prime factors of n(-6)?
3, 23, 41
Suppose 82*u - 59*u = 14306. Let w = u - 174. List the prime factors of w.
2, 7
Let h = 282 - 280. What are the prime factors of 10/h*-5*(-22)/10?
5, 11
Suppose 9*d - d - 640 = 0. Let c = -45 + d. List the prime factors of 818/5 + 14/c.
2, 41
Let q = -95 + 83. Let h be (126/q + 4)*(-1 - 1). Suppose g - h = 43. List the prime factors of g.
2, 7
Let v = -23160 + 41286. What are the prime factors of v?
2, 3, 19, 53
Let z(v) = 210*v**2 + 65*v + 79. List the prime factors of z(-9).
2, 2063
Let b(d) = 21*d**2 + 9*d - 23. Let q be b(-8). Suppose -2*f + q = f + v, 4*f + v = 1665. List the prime factors of f.
2, 13
Let o(p) be the second derivative of -13*p**3/3 - 8*p + 1. List the prime factors of o(-16).
2, 13
Suppose -4*w + 3*z - 698 = -0*w, -2*w - z = 344. Let s = w - -268. Let t = 397 - s. List the prime factors of t.
2, 151
Let u = -35189 - -68206. What are the prime factors of u?
137, 241
Suppose -u - o - o = -58, -2*u - o + 122 = 0. Suppose 0 = -7*y - u + 867. Suppose -3*c + y = 2*b, -3*c + 5*c - 110 = -2*b. What are the prime factors of b?
2, 5
What are the prime factors of ((-6)/15)/(765127/(-8413735) + (-3)/(-33))?
13907
Suppose 3*k + 5*l = -14, -2*k = 2*k + 5*l + 12. Suppose -34 - 538 = -3*h + k*s, 5*h + 4*s - 968 = 0. What are the prime factors of h?
2, 3
Let t be 27*1 - (-2)/(-2). Suppose -5*n = -2*u - 10*n + t, -u + 2*n = -13. Suppose -u - 12 = -m. List the prime factors of m.
5
Let b(w) = 22*w**2 + 3*w - 8. Let i be b(-4). Suppose o = -4 + 14. Suppose -o*l + 14*l 